{"id":3673,"date":"2022-06-29T08:05:19","date_gmt":"2022-06-29T08:05:19","guid":{"rendered":"http:\/\/phukienphattai.com\/?post_type=product&#038;p=3673"},"modified":"2023-10-18T15:23:39","modified_gmt":"2023-10-18T15:23:39","slug":"combo-trang-tri-dam-cuoi-06","status":"publish","type":"product","link":"https:\/\/phukienphattai.com\/?product=combo-trang-tri-dam-cuoi-06","title":{"rendered":"Combo trang tr\u00ed \u0111\u00e1m c\u01b0\u1edbi &#8211; 06"},"content":{"rendered":"<p>Gi\u00e1 ti\u1ec1n t\u00f9y v\u00e0o size b\u1ea3ng<\/p>\n<p><img fetchpriority=\"high\" decoding=\"async\" class=\"alignnone size-full wp-image-3674\" src=\"https:\/\/phukienphattai.com\/wp-content\/uploads\/2022\/06\/cb-61.png\" alt=\"\" width=\"700\" height=\"700\" srcset=\"https:\/\/phukienphattai.com\/wp-content\/uploads\/2022\/06\/cb-61.png 700w, https:\/\/phukienphattai.com\/wp-content\/uploads\/2022\/06\/cb-61-300x300.png 300w, https:\/\/phukienphattai.com\/wp-content\/uploads\/2022\/06\/cb-61-150x150.png 150w, https:\/\/phukienphattai.com\/wp-content\/uploads\/2022\/06\/cb-61-400x400.png 400w, https:\/\/phukienphattai.com\/wp-content\/uploads\/2022\/06\/cb-61-600x600.png 600w, https:\/\/phukienphattai.com\/wp-content\/uploads\/2022\/06\/cb-61-100x100.png 100w\" sizes=\"(max-width: 700px) 100vw, 700px\" \/> <img decoding=\"async\" class=\"alignnone size-full wp-image-3675\" src=\"https:\/\/phukienphattai.com\/wp-content\/uploads\/2022\/06\/cb-62.png\" alt=\"\" width=\"700\" height=\"700\" srcset=\"https:\/\/phukienphattai.com\/wp-content\/uploads\/2022\/06\/cb-62.png 700w, https:\/\/phukienphattai.com\/wp-content\/uploads\/2022\/06\/cb-62-300x300.png 300w, https:\/\/phukienphattai.com\/wp-content\/uploads\/2022\/06\/cb-62-150x150.png 150w, https:\/\/phukienphattai.com\/wp-content\/uploads\/2022\/06\/cb-62-400x400.png 400w, https:\/\/phukienphattai.com\/wp-content\/uploads\/2022\/06\/cb-62-600x600.png 600w, https:\/\/phukienphattai.com\/wp-content\/uploads\/2022\/06\/cb-62-100x100.png 100w\" sizes=\"(max-width: 700px) 100vw, 700px\" \/> <img decoding=\"async\" class=\"alignnone size-full wp-image-3678\" src=\"https:\/\/phukienphattai.com\/wp-content\/uploads\/2022\/06\/cb63.png\" alt=\"\" width=\"700\" height=\"700\" srcset=\"https:\/\/phukienphattai.com\/wp-content\/uploads\/2022\/06\/cb63.png 700w, https:\/\/phukienphattai.com\/wp-content\/uploads\/2022\/06\/cb63-300x300.png 300w, https:\/\/phukienphattai.com\/wp-content\/uploads\/2022\/06\/cb63-150x150.png 150w, https:\/\/phukienphattai.com\/wp-content\/uploads\/2022\/06\/cb63-400x400.png 400w, https:\/\/phukienphattai.com\/wp-content\/uploads\/2022\/06\/cb63-600x600.png 600w, https:\/\/phukienphattai.com\/wp-content\/uploads\/2022\/06\/cb63-100x100.png 100w\" sizes=\"(max-width: 700px) 100vw, 700px\" \/><img loading=\"lazy\" decoding=\"async\" class=\"alignnone size-full wp-image-3677\" src=\"https:\/\/phukienphattai.com\/wp-content\/uploads\/2022\/06\/cb65.png\" alt=\"\" width=\"700\" height=\"350\" srcset=\"https:\/\/phukienphattai.com\/wp-content\/uploads\/2022\/06\/cb65.png 700w, https:\/\/phukienphattai.com\/wp-content\/uploads\/2022\/06\/cb65-300x150.png 300w, https:\/\/phukienphattai.com\/wp-content\/uploads\/2022\/06\/cb65-600x300.png 600w\" sizes=\"(max-width: 700px) 100vw, 700px\" \/><img loading=\"lazy\" decoding=\"async\" class=\"alignnone size-full wp-image-3676\" src=\"https:\/\/phukienphattai.com\/wp-content\/uploads\/2022\/06\/cb66.png\" alt=\"\" width=\"700\" height=\"700\" srcset=\"https:\/\/phukienphattai.com\/wp-content\/uploads\/2022\/06\/cb66.png 700w, https:\/\/phukienphattai.com\/wp-content\/uploads\/2022\/06\/cb66-300x300.png 300w, https:\/\/phukienphattai.com\/wp-content\/uploads\/2022\/06\/cb66-150x150.png 150w, https:\/\/phukienphattai.com\/wp-content\/uploads\/2022\/06\/cb66-400x400.png 400w, https:\/\/phukienphattai.com\/wp-content\/uploads\/2022\/06\/cb66-600x600.png 600w, https:\/\/phukienphattai.com\/wp-content\/uploads\/2022\/06\/cb66-100x100.png 100w\" sizes=\"(max-width: 700px) 100vw, 700px\" \/><\/p>\n","protected":false},"excerpt":{"rendered":"<p>Gi\u00e1 ti\u1ec1n t\u00f9y v\u00e0o size b\u1ea3ng<\/p>\n","protected":false},"featured_media":3679,"comment_status":"open","ping_status":"closed","template":"","meta":[],"product_brand":[],"product_cat":[55],"product_tag":[],"class_list":{"0":"post-3673","1":"product","2":"type-product","3":"status-publish","4":"has-post-thumbnail","6":"product_cat-combo-trang-tri-dam-cuoi","7":"latest_post","9":"first","10":"instock","11":"shipping-taxable","12":"product-type-simple"},"_links":{"self":[{"href":"https:\/\/phukienphattai.com\/index.php?rest_route=\/wp\/v2\/product\/3673","targetHints":{"allow":["GET"]}}],"collection":[{"href":"https:\/\/phukienphattai.com\/index.php?rest_route=\/wp\/v2\/product"}],"about":[{"href":"https:\/\/phukienphattai.com\/index.php?rest_route=\/wp\/v2\/types\/product"}],"replies":[{"embeddable":true,"href":"https:\/\/phukienphattai.com\/index.php?rest_route=%2Fwp%2Fv2%2Fcomments&post=3673"}],"version-history":[{"count":1,"href":"https:\/\/phukienphattai.com\/index.php?rest_route=\/wp\/v2\/product\/3673\/revisions"}],"predecessor-version":[{"id":3680,"href":"https:\/\/phukienphattai.com\/index.php?rest_route=\/wp\/v2\/product\/3673\/revisions\/3680"}],"wp:featuredmedia":[{"embeddable":true,"href":"https:\/\/phukienphattai.com\/index.php?rest_route=\/wp\/v2\/media\/3679"}],"wp:attachment":[{"href":"https:\/\/phukienphattai.com\/index.php?rest_route=%2Fwp%2Fv2%2Fmedia&parent=3673"}],"wp:term":[{"taxonomy":"product_brand","embeddable":true,"href":"https:\/\/phukienphattai.com\/index.php?rest_route=%2Fwp%2Fv2%2Fproduct_brand&post=3673"},{"taxonomy":"product_cat","embeddable":true,"href":"https:\/\/phukienphattai.com\/index.php?rest_route=%2Fwp%2Fv2%2Fproduct_cat&post=3673"},{"taxonomy":"product_tag","embeddable":true,"href":"https:\/\/phukienphattai.com\/index.php?rest_route=%2Fwp%2Fv2%2Fproduct_tag&post=3673"}],"curies":[{"name":"wp","href":"https:\/\/api.w.org\/{rel}","templated":true}]}}