{"id":4349,"date":"2023-04-25T06:19:08","date_gmt":"2023-04-25T06:19:08","guid":{"rendered":"http:\/\/phukienphattai.com\/?post_type=product&#038;p=4349"},"modified":"2025-07-19T03:47:29","modified_gmt":"2025-07-19T03:47:29","slug":"combo-trang-tri-sinh-nhat","status":"publish","type":"product","link":"https:\/\/phukienphattai.com\/?product=combo-trang-tri-sinh-nhat","title":{"rendered":"Combo trang tr\u00ed sinh nh\u1eadt B\u00c9 G\u00c1I theo con gi\u00e1p"},"content":{"rendered":"<p><img fetchpriority=\"high\" decoding=\"async\" class=\"alignnone size-full wp-image-4353\" src=\"https:\/\/phukienphattai.com\/wp-content\/uploads\/2023\/04\/B3-a.jpg\" alt=\"\" width=\"1200\" height=\"1200\" srcset=\"https:\/\/phukienphattai.com\/wp-content\/uploads\/2023\/04\/B3-a.jpg 1200w, https:\/\/phukienphattai.com\/wp-content\/uploads\/2023\/04\/B3-a-300x300.jpg 300w, https:\/\/phukienphattai.com\/wp-content\/uploads\/2023\/04\/B3-a-1024x1024.jpg 1024w, https:\/\/phukienphattai.com\/wp-content\/uploads\/2023\/04\/B3-a-150x150.jpg 150w, https:\/\/phukienphattai.com\/wp-content\/uploads\/2023\/04\/B3-a-768x768.jpg 768w, https:\/\/phukienphattai.com\/wp-content\/uploads\/2023\/04\/B3-a-860x860.jpg 860w, https:\/\/phukienphattai.com\/wp-content\/uploads\/2023\/04\/B3-a-400x400.jpg 400w, https:\/\/phukienphattai.com\/wp-content\/uploads\/2023\/04\/B3-a-600x600.jpg 600w, https:\/\/phukienphattai.com\/wp-content\/uploads\/2023\/04\/B3-a-100x100.jpg 100w\" sizes=\"(max-width: 1200px) 100vw, 1200px\" \/><\/p>\n<p>&nbsp;<\/p>\n<p>&nbsp;<\/p>\n<p><img decoding=\"async\" class=\"alignnone size-full wp-image-6253\" src=\"https:\/\/phukienphattai.com\/wp-content\/uploads\/2023\/04\/0.jpg\" alt=\"\" width=\"1200\" height=\"1200\" srcset=\"https:\/\/phukienphattai.com\/wp-content\/uploads\/2023\/04\/0.jpg 1200w, https:\/\/phukienphattai.com\/wp-content\/uploads\/2023\/04\/0-300x300.jpg 300w, https:\/\/phukienphattai.com\/wp-content\/uploads\/2023\/04\/0-1024x1024.jpg 1024w, https:\/\/phukienphattai.com\/wp-content\/uploads\/2023\/04\/0-150x150.jpg 150w, https:\/\/phukienphattai.com\/wp-content\/uploads\/2023\/04\/0-768x768.jpg 768w, https:\/\/phukienphattai.com\/wp-content\/uploads\/2023\/04\/0-860x860.jpg 860w, https:\/\/phukienphattai.com\/wp-content\/uploads\/2023\/04\/0-400x400.jpg 400w, https:\/\/phukienphattai.com\/wp-content\/uploads\/2023\/04\/0-600x600.jpg 600w, https:\/\/phukienphattai.com\/wp-content\/uploads\/2023\/04\/0-100x100.jpg 100w\" sizes=\"(max-width: 1200px) 100vw, 1200px\" \/><\/p>\n<p>&nbsp;<\/p>\n<p><img decoding=\"async\" class=\"alignnone size-full wp-image-6877\" src=\"https:\/\/phukienphattai.com\/wp-content\/uploads\/2023\/04\/0-6.jpg\" alt=\"\" width=\"1200\" height=\"1200\" srcset=\"https:\/\/phukienphattai.com\/wp-content\/uploads\/2023\/04\/0-6.jpg 1200w, https:\/\/phukienphattai.com\/wp-content\/uploads\/2023\/04\/0-6-300x300.jpg 300w, https:\/\/phukienphattai.com\/wp-content\/uploads\/2023\/04\/0-6-1024x1024.jpg 1024w, https:\/\/phukienphattai.com\/wp-content\/uploads\/2023\/04\/0-6-150x150.jpg 150w, https:\/\/phukienphattai.com\/wp-content\/uploads\/2023\/04\/0-6-768x768.jpg 768w, https:\/\/phukienphattai.com\/wp-content\/uploads\/2023\/04\/0-6-860x860.jpg 860w, https:\/\/phukienphattai.com\/wp-content\/uploads\/2023\/04\/0-6-400x400.jpg 400w, https:\/\/phukienphattai.com\/wp-content\/uploads\/2023\/04\/0-6-600x600.jpg 600w, https:\/\/phukienphattai.com\/wp-content\/uploads\/2023\/04\/0-6-100x100.jpg 100w\" sizes=\"(max-width: 1200px) 100vw, 1200px\" \/><\/p>\n<p>&nbsp;<\/p>\n<p><img loading=\"lazy\" decoding=\"async\" class=\"alignnone size-full wp-image-6879\" src=\"https:\/\/phukienphattai.com\/wp-content\/uploads\/2023\/04\/0-8.jpg\" alt=\"\" width=\"1200\" height=\"1200\" srcset=\"https:\/\/phukienphattai.com\/wp-content\/uploads\/2023\/04\/0-8.jpg 1200w, https:\/\/phukienphattai.com\/wp-content\/uploads\/2023\/04\/0-8-300x300.jpg 300w, https:\/\/phukienphattai.com\/wp-content\/uploads\/2023\/04\/0-8-1024x1024.jpg 1024w, https:\/\/phukienphattai.com\/wp-content\/uploads\/2023\/04\/0-8-150x150.jpg 150w, https:\/\/phukienphattai.com\/wp-content\/uploads\/2023\/04\/0-8-768x768.jpg 768w, https:\/\/phukienphattai.com\/wp-content\/uploads\/2023\/04\/0-8-860x860.jpg 860w, https:\/\/phukienphattai.com\/wp-content\/uploads\/2023\/04\/0-8-400x400.jpg 400w, https:\/\/phukienphattai.com\/wp-content\/uploads\/2023\/04\/0-8-600x600.jpg 600w, https:\/\/phukienphattai.com\/wp-content\/uploads\/2023\/04\/0-8-100x100.jpg 100w\" sizes=\"(max-width: 1200px) 100vw, 1200px\" \/><\/p>\n<p>&nbsp;<\/p>\n<p>&nbsp;<\/p>\n<p><img loading=\"lazy\" decoding=\"async\" class=\"alignnone size-full wp-image-6884\" src=\"https:\/\/phukienphattai.com\/wp-content\/uploads\/2023\/04\/0-13.jpg\" alt=\"\" width=\"1200\" height=\"1200\" srcset=\"https:\/\/phukienphattai.com\/wp-content\/uploads\/2023\/04\/0-13.jpg 1200w, https:\/\/phukienphattai.com\/wp-content\/uploads\/2023\/04\/0-13-300x300.jpg 300w, https:\/\/phukienphattai.com\/wp-content\/uploads\/2023\/04\/0-13-1024x1024.jpg 1024w, https:\/\/phukienphattai.com\/wp-content\/uploads\/2023\/04\/0-13-150x150.jpg 150w, https:\/\/phukienphattai.com\/wp-content\/uploads\/2023\/04\/0-13-768x768.jpg 768w, https:\/\/phukienphattai.com\/wp-content\/uploads\/2023\/04\/0-13-860x860.jpg 860w, https:\/\/phukienphattai.com\/wp-content\/uploads\/2023\/04\/0-13-400x400.jpg 400w, https:\/\/phukienphattai.com\/wp-content\/uploads\/2023\/04\/0-13-600x600.jpg 600w, https:\/\/phukienphattai.com\/wp-content\/uploads\/2023\/04\/0-13-100x100.jpg 100w\" sizes=\"(max-width: 1200px) 100vw, 1200px\" \/><\/p>\n<p>&nbsp;<\/p>\n<p><img loading=\"lazy\" decoding=\"async\" class=\"alignnone size-full wp-image-7717\" src=\"https:\/\/phukienphattai.com\/wp-content\/uploads\/2023\/04\/31-0.jpg\" alt=\"\" width=\"1200\" height=\"1200\" srcset=\"https:\/\/phukienphattai.com\/wp-content\/uploads\/2023\/04\/31-0.jpg 1200w, https:\/\/phukienphattai.com\/wp-content\/uploads\/2023\/04\/31-0-300x300.jpg 300w, https:\/\/phukienphattai.com\/wp-content\/uploads\/2023\/04\/31-0-1024x1024.jpg 1024w, https:\/\/phukienphattai.com\/wp-content\/uploads\/2023\/04\/31-0-150x150.jpg 150w, https:\/\/phukienphattai.com\/wp-content\/uploads\/2023\/04\/31-0-768x768.jpg 768w, https:\/\/phukienphattai.com\/wp-content\/uploads\/2023\/04\/31-0-860x860.jpg 860w, https:\/\/phukienphattai.com\/wp-content\/uploads\/2023\/04\/31-0-400x400.jpg 400w, https:\/\/phukienphattai.com\/wp-content\/uploads\/2023\/04\/31-0-600x600.jpg 600w, https:\/\/phukienphattai.com\/wp-content\/uploads\/2023\/04\/31-0-100x100.jpg 100w\" sizes=\"(max-width: 1200px) 100vw, 1200px\" \/><\/p>\n<p><img loading=\"lazy\" decoding=\"async\" class=\"alignnone size-full wp-image-7904\" src=\"https:\/\/phukienphattai.com\/wp-content\/uploads\/2023\/04\/44-0.jpg\" alt=\"\" width=\"1200\" height=\"1200\" srcset=\"https:\/\/phukienphattai.com\/wp-content\/uploads\/2023\/04\/44-0.jpg 1200w, https:\/\/phukienphattai.com\/wp-content\/uploads\/2023\/04\/44-0-300x300.jpg 300w, https:\/\/phukienphattai.com\/wp-content\/uploads\/2023\/04\/44-0-1024x1024.jpg 1024w, https:\/\/phukienphattai.com\/wp-content\/uploads\/2023\/04\/44-0-150x150.jpg 150w, https:\/\/phukienphattai.com\/wp-content\/uploads\/2023\/04\/44-0-768x768.jpg 768w, https:\/\/phukienphattai.com\/wp-content\/uploads\/2023\/04\/44-0-860x860.jpg 860w, https:\/\/phukienphattai.com\/wp-content\/uploads\/2023\/04\/44-0-400x400.jpg 400w, https:\/\/phukienphattai.com\/wp-content\/uploads\/2023\/04\/44-0-600x600.jpg 600w, https:\/\/phukienphattai.com\/wp-content\/uploads\/2023\/04\/44-0-100x100.jpg 100w\" sizes=\"(max-width: 1200px) 100vw, 1200px\" \/><\/p>\n","protected":false},"excerpt":{"rendered":"<p>&nbsp; &nbsp; &nbsp; &nbsp; &nbsp; &nbsp; &nbsp;<\/p>\n","protected":false},"featured_media":8079,"comment_status":"open","ping_status":"closed","template":"","meta":[],"product_brand":[],"product_cat":[40],"product_tag":[],"class_list":{"0":"post-4349","1":"product","2":"type-product","3":"status-publish","4":"has-post-thumbnail","6":"product_cat-trang-tri-sinh-nhat","7":"latest_post","9":"first","10":"instock","11":"shipping-taxable","12":"product-type-simple"},"_links":{"self":[{"href":"https:\/\/phukienphattai.com\/index.php?rest_route=\/wp\/v2\/product\/4349","targetHints":{"allow":["GET"]}}],"collection":[{"href":"https:\/\/phukienphattai.com\/index.php?rest_route=\/wp\/v2\/product"}],"about":[{"href":"https:\/\/phukienphattai.com\/index.php?rest_route=\/wp\/v2\/types\/product"}],"replies":[{"embeddable":true,"href":"https:\/\/phukienphattai.com\/index.php?rest_route=%2Fwp%2Fv2%2Fcomments&post=4349"}],"version-history":[{"count":12,"href":"https:\/\/phukienphattai.com\/index.php?rest_route=\/wp\/v2\/product\/4349\/revisions"}],"predecessor-version":[{"id":8082,"href":"https:\/\/phukienphattai.com\/index.php?rest_route=\/wp\/v2\/product\/4349\/revisions\/8082"}],"wp:featuredmedia":[{"embeddable":true,"href":"https:\/\/phukienphattai.com\/index.php?rest_route=\/wp\/v2\/media\/8079"}],"wp:attachment":[{"href":"https:\/\/phukienphattai.com\/index.php?rest_route=%2Fwp%2Fv2%2Fmedia&parent=4349"}],"wp:term":[{"taxonomy":"product_brand","embeddable":true,"href":"https:\/\/phukienphattai.com\/index.php?rest_route=%2Fwp%2Fv2%2Fproduct_brand&post=4349"},{"taxonomy":"product_cat","embeddable":true,"href":"https:\/\/phukienphattai.com\/index.php?rest_route=%2Fwp%2Fv2%2Fproduct_cat&post=4349"},{"taxonomy":"product_tag","embeddable":true,"href":"https:\/\/phukienphattai.com\/index.php?rest_route=%2Fwp%2Fv2%2Fproduct_tag&post=4349"}],"curies":[{"name":"wp","href":"https:\/\/api.w.org\/{rel}","templated":true}]}}