{"id":4635,"date":"2023-07-15T13:59:00","date_gmt":"2023-07-15T13:59:00","guid":{"rendered":"http:\/\/phukienphattai.com\/?post_type=product&#038;p=4635"},"modified":"2024-04-17T02:22:22","modified_gmt":"2024-04-17T02:22:22","slug":"chibi-dau-re-trang-tri-dam-cuoi","status":"publish","type":"product","link":"https:\/\/phukienphattai.com\/?product=chibi-dau-re-trang-tri-dam-cuoi","title":{"rendered":"Chibi d\u00e2u r\u1ec3 trang tr\u00ed \u0111\u00e1m c\u01b0\u1edbi"},"content":{"rendered":"<p><img fetchpriority=\"high\" decoding=\"async\" class=\"alignnone size-full wp-image-4638\" src=\"https:\/\/phukienphattai.com\/wp-content\/uploads\/2023\/07\/bia1.jpg\" alt=\"\" width=\"1200\" height=\"1200\" srcset=\"https:\/\/phukienphattai.com\/wp-content\/uploads\/2023\/07\/bia1.jpg 1200w, https:\/\/phukienphattai.com\/wp-content\/uploads\/2023\/07\/bia1-300x300.jpg 300w, https:\/\/phukienphattai.com\/wp-content\/uploads\/2023\/07\/bia1-1024x1024.jpg 1024w, https:\/\/phukienphattai.com\/wp-content\/uploads\/2023\/07\/bia1-150x150.jpg 150w, https:\/\/phukienphattai.com\/wp-content\/uploads\/2023\/07\/bia1-768x768.jpg 768w, https:\/\/phukienphattai.com\/wp-content\/uploads\/2023\/07\/bia1-860x860.jpg 860w, https:\/\/phukienphattai.com\/wp-content\/uploads\/2023\/07\/bia1-400x400.jpg 400w, https:\/\/phukienphattai.com\/wp-content\/uploads\/2023\/07\/bia1-600x600.jpg 600w, https:\/\/phukienphattai.com\/wp-content\/uploads\/2023\/07\/bia1-100x100.jpg 100w\" sizes=\"(max-width: 1200px) 100vw, 1200px\" \/><br \/>\n<img decoding=\"async\" class=\"alignnone size-full wp-image-4639\" src=\"https:\/\/phukienphattai.com\/wp-content\/uploads\/2023\/07\/bia2.jpg\" alt=\"\" width=\"1200\" height=\"1200\" srcset=\"https:\/\/phukienphattai.com\/wp-content\/uploads\/2023\/07\/bia2.jpg 1200w, https:\/\/phukienphattai.com\/wp-content\/uploads\/2023\/07\/bia2-300x300.jpg 300w, https:\/\/phukienphattai.com\/wp-content\/uploads\/2023\/07\/bia2-1024x1024.jpg 1024w, https:\/\/phukienphattai.com\/wp-content\/uploads\/2023\/07\/bia2-150x150.jpg 150w, https:\/\/phukienphattai.com\/wp-content\/uploads\/2023\/07\/bia2-768x768.jpg 768w, https:\/\/phukienphattai.com\/wp-content\/uploads\/2023\/07\/bia2-860x860.jpg 860w, https:\/\/phukienphattai.com\/wp-content\/uploads\/2023\/07\/bia2-400x400.jpg 400w, https:\/\/phukienphattai.com\/wp-content\/uploads\/2023\/07\/bia2-600x600.jpg 600w, https:\/\/phukienphattai.com\/wp-content\/uploads\/2023\/07\/bia2-100x100.jpg 100w\" sizes=\"(max-width: 1200px) 100vw, 1200px\" \/><br \/>\n<img decoding=\"async\" class=\"alignnone size-full wp-image-4640\" src=\"https:\/\/phukienphattai.com\/wp-content\/uploads\/2023\/07\/bia3.jpg\" alt=\"\" width=\"1200\" height=\"1200\" srcset=\"https:\/\/phukienphattai.com\/wp-content\/uploads\/2023\/07\/bia3.jpg 1200w, https:\/\/phukienphattai.com\/wp-content\/uploads\/2023\/07\/bia3-300x300.jpg 300w, https:\/\/phukienphattai.com\/wp-content\/uploads\/2023\/07\/bia3-1024x1024.jpg 1024w, https:\/\/phukienphattai.com\/wp-content\/uploads\/2023\/07\/bia3-150x150.jpg 150w, https:\/\/phukienphattai.com\/wp-content\/uploads\/2023\/07\/bia3-768x768.jpg 768w, https:\/\/phukienphattai.com\/wp-content\/uploads\/2023\/07\/bia3-860x860.jpg 860w, https:\/\/phukienphattai.com\/wp-content\/uploads\/2023\/07\/bia3-400x400.jpg 400w, https:\/\/phukienphattai.com\/wp-content\/uploads\/2023\/07\/bia3-600x600.jpg 600w, https:\/\/phukienphattai.com\/wp-content\/uploads\/2023\/07\/bia3-100x100.jpg 100w\" sizes=\"(max-width: 1200px) 100vw, 1200px\" \/><\/p>\n<p>&nbsp;<\/p>\n<h2><span style=\"color: #ff0000;\"><strong>C\u00f3 2 size:<\/strong><\/span><br \/>\n<span style=\"color: #333333;\">20x30cm \u0111\u1ec3 b\u00e0n<\/span><br \/>\n<span style=\"color: #333333;\">60x90cm \u0111\u1ec3 c\u1ed5ng<\/span><\/h2>\n<p>&nbsp;<br \/>\n<img loading=\"lazy\" decoding=\"async\" src=\"https:\/\/phukienphattai.com\/wp-content\/uploads\/2023\/07\/1-5.jpg\" alt=\"\" width=\"1200\" height=\"1200\" class=\"alignnone size-full wp-image-5572\" srcset=\"https:\/\/phukienphattai.com\/wp-content\/uploads\/2023\/07\/1-5.jpg 1200w, https:\/\/phukienphattai.com\/wp-content\/uploads\/2023\/07\/1-5-300x300.jpg 300w, https:\/\/phukienphattai.com\/wp-content\/uploads\/2023\/07\/1-5-1024x1024.jpg 1024w, https:\/\/phukienphattai.com\/wp-content\/uploads\/2023\/07\/1-5-150x150.jpg 150w, https:\/\/phukienphattai.com\/wp-content\/uploads\/2023\/07\/1-5-768x768.jpg 768w, https:\/\/phukienphattai.com\/wp-content\/uploads\/2023\/07\/1-5-860x860.jpg 860w, https:\/\/phukienphattai.com\/wp-content\/uploads\/2023\/07\/1-5-400x400.jpg 400w, https:\/\/phukienphattai.com\/wp-content\/uploads\/2023\/07\/1-5-600x600.jpg 600w, https:\/\/phukienphattai.com\/wp-content\/uploads\/2023\/07\/1-5-100x100.jpg 100w\" sizes=\"(max-width: 1200px) 100vw, 1200px\" \/><\/p>\n<p><img loading=\"lazy\" decoding=\"async\" src=\"https:\/\/phukienphattai.com\/wp-content\/uploads\/2023\/07\/2-5.jpg\" alt=\"\" width=\"1200\" height=\"1200\" class=\"alignnone size-full wp-image-5573\" srcset=\"https:\/\/phukienphattai.com\/wp-content\/uploads\/2023\/07\/2-5.jpg 1200w, https:\/\/phukienphattai.com\/wp-content\/uploads\/2023\/07\/2-5-300x300.jpg 300w, https:\/\/phukienphattai.com\/wp-content\/uploads\/2023\/07\/2-5-1024x1024.jpg 1024w, https:\/\/phukienphattai.com\/wp-content\/uploads\/2023\/07\/2-5-150x150.jpg 150w, https:\/\/phukienphattai.com\/wp-content\/uploads\/2023\/07\/2-5-768x768.jpg 768w, https:\/\/phukienphattai.com\/wp-content\/uploads\/2023\/07\/2-5-860x860.jpg 860w, https:\/\/phukienphattai.com\/wp-content\/uploads\/2023\/07\/2-5-400x400.jpg 400w, https:\/\/phukienphattai.com\/wp-content\/uploads\/2023\/07\/2-5-600x600.jpg 600w, https:\/\/phukienphattai.com\/wp-content\/uploads\/2023\/07\/2-5-100x100.jpg 100w\" sizes=\"(max-width: 1200px) 100vw, 1200px\" \/><\/p>\n<p><img loading=\"lazy\" decoding=\"async\" src=\"https:\/\/phukienphattai.com\/wp-content\/uploads\/2023\/07\/3-4.jpg\" alt=\"\" width=\"1200\" height=\"1200\" class=\"alignnone size-full wp-image-5574\" srcset=\"https:\/\/phukienphattai.com\/wp-content\/uploads\/2023\/07\/3-4.jpg 1200w, https:\/\/phukienphattai.com\/wp-content\/uploads\/2023\/07\/3-4-300x300.jpg 300w, https:\/\/phukienphattai.com\/wp-content\/uploads\/2023\/07\/3-4-1024x1024.jpg 1024w, https:\/\/phukienphattai.com\/wp-content\/uploads\/2023\/07\/3-4-150x150.jpg 150w, https:\/\/phukienphattai.com\/wp-content\/uploads\/2023\/07\/3-4-768x768.jpg 768w, https:\/\/phukienphattai.com\/wp-content\/uploads\/2023\/07\/3-4-860x860.jpg 860w, https:\/\/phukienphattai.com\/wp-content\/uploads\/2023\/07\/3-4-400x400.jpg 400w, https:\/\/phukienphattai.com\/wp-content\/uploads\/2023\/07\/3-4-600x600.jpg 600w, https:\/\/phukienphattai.com\/wp-content\/uploads\/2023\/07\/3-4-100x100.jpg 100w\" sizes=\"(max-width: 1200px) 100vw, 1200px\" \/><\/p>\n<p><img loading=\"lazy\" decoding=\"async\" src=\"https:\/\/phukienphattai.com\/wp-content\/uploads\/2023\/07\/4-6.jpg\" alt=\"\" width=\"1200\" height=\"1200\" class=\"alignnone size-full wp-image-5575\" srcset=\"https:\/\/phukienphattai.com\/wp-content\/uploads\/2023\/07\/4-6.jpg 1200w, https:\/\/phukienphattai.com\/wp-content\/uploads\/2023\/07\/4-6-300x300.jpg 300w, https:\/\/phukienphattai.com\/wp-content\/uploads\/2023\/07\/4-6-1024x1024.jpg 1024w, https:\/\/phukienphattai.com\/wp-content\/uploads\/2023\/07\/4-6-150x150.jpg 150w, https:\/\/phukienphattai.com\/wp-content\/uploads\/2023\/07\/4-6-768x768.jpg 768w, https:\/\/phukienphattai.com\/wp-content\/uploads\/2023\/07\/4-6-860x860.jpg 860w, https:\/\/phukienphattai.com\/wp-content\/uploads\/2023\/07\/4-6-400x400.jpg 400w, https:\/\/phukienphattai.com\/wp-content\/uploads\/2023\/07\/4-6-600x600.jpg 600w, https:\/\/phukienphattai.com\/wp-content\/uploads\/2023\/07\/4-6-100x100.jpg 100w\" sizes=\"(max-width: 1200px) 100vw, 1200px\" \/><br \/>\n<img loading=\"lazy\" decoding=\"async\" src=\"https:\/\/phukienphattai.com\/wp-content\/uploads\/2023\/07\/5-5.jpg\" alt=\"\" width=\"1200\" height=\"1200\" class=\"alignnone size-full wp-image-6181\" srcset=\"https:\/\/phukienphattai.com\/wp-content\/uploads\/2023\/07\/5-5.jpg 1200w, https:\/\/phukienphattai.com\/wp-content\/uploads\/2023\/07\/5-5-300x300.jpg 300w, https:\/\/phukienphattai.com\/wp-content\/uploads\/2023\/07\/5-5-1024x1024.jpg 1024w, https:\/\/phukienphattai.com\/wp-content\/uploads\/2023\/07\/5-5-150x150.jpg 150w, https:\/\/phukienphattai.com\/wp-content\/uploads\/2023\/07\/5-5-768x768.jpg 768w, https:\/\/phukienphattai.com\/wp-content\/uploads\/2023\/07\/5-5-860x860.jpg 860w, https:\/\/phukienphattai.com\/wp-content\/uploads\/2023\/07\/5-5-400x400.jpg 400w, https:\/\/phukienphattai.com\/wp-content\/uploads\/2023\/07\/5-5-600x600.jpg 600w, https:\/\/phukienphattai.com\/wp-content\/uploads\/2023\/07\/5-5-100x100.jpg 100w\" sizes=\"(max-width: 1200px) 100vw, 1200px\" \/><\/p>\n<p><img loading=\"lazy\" decoding=\"async\" src=\"https:\/\/phukienphattai.com\/wp-content\/uploads\/2023\/07\/6-5.jpg\" alt=\"\" width=\"1200\" height=\"1200\" class=\"alignnone size-full wp-image-6182\" srcset=\"https:\/\/phukienphattai.com\/wp-content\/uploads\/2023\/07\/6-5.jpg 1200w, https:\/\/phukienphattai.com\/wp-content\/uploads\/2023\/07\/6-5-300x300.jpg 300w, https:\/\/phukienphattai.com\/wp-content\/uploads\/2023\/07\/6-5-1024x1024.jpg 1024w, https:\/\/phukienphattai.com\/wp-content\/uploads\/2023\/07\/6-5-150x150.jpg 150w, https:\/\/phukienphattai.com\/wp-content\/uploads\/2023\/07\/6-5-768x768.jpg 768w, https:\/\/phukienphattai.com\/wp-content\/uploads\/2023\/07\/6-5-860x860.jpg 860w, https:\/\/phukienphattai.com\/wp-content\/uploads\/2023\/07\/6-5-400x400.jpg 400w, https:\/\/phukienphattai.com\/wp-content\/uploads\/2023\/07\/6-5-600x600.jpg 600w, https:\/\/phukienphattai.com\/wp-content\/uploads\/2023\/07\/6-5-100x100.jpg 100w\" sizes=\"(max-width: 1200px) 100vw, 1200px\" \/><\/p>\n","protected":false},"excerpt":{"rendered":"<p>&nbsp; C\u00f3 2 size: 20x30cm \u0111\u1ec3 b\u00e0n 60x90cm \u0111\u1ec3 c\u1ed5ng &nbsp;<\/p>\n","protected":false},"featured_media":4639,"comment_status":"open","ping_status":"closed","template":"","meta":[],"product_brand":[],"product_cat":[39],"product_tag":[],"class_list":{"0":"post-4635","1":"product","2":"type-product","3":"status-publish","4":"has-post-thumbnail","6":"product_cat-trang-tri-dam-cuoi","7":"latest_post","9":"first","10":"instock","11":"shipping-taxable","12":"product-type-simple"},"_links":{"self":[{"href":"https:\/\/phukienphattai.com\/index.php?rest_route=\/wp\/v2\/product\/4635","targetHints":{"allow":["GET"]}}],"collection":[{"href":"https:\/\/phukienphattai.com\/index.php?rest_route=\/wp\/v2\/product"}],"about":[{"href":"https:\/\/phukienphattai.com\/index.php?rest_route=\/wp\/v2\/types\/product"}],"replies":[{"embeddable":true,"href":"https:\/\/phukienphattai.com\/index.php?rest_route=%2Fwp%2Fv2%2Fcomments&post=4635"}],"version-history":[{"count":5,"href":"https:\/\/phukienphattai.com\/index.php?rest_route=\/wp\/v2\/product\/4635\/revisions"}],"predecessor-version":[{"id":6183,"href":"https:\/\/phukienphattai.com\/index.php?rest_route=\/wp\/v2\/product\/4635\/revisions\/6183"}],"wp:featuredmedia":[{"embeddable":true,"href":"https:\/\/phukienphattai.com\/index.php?rest_route=\/wp\/v2\/media\/4639"}],"wp:attachment":[{"href":"https:\/\/phukienphattai.com\/index.php?rest_route=%2Fwp%2Fv2%2Fmedia&parent=4635"}],"wp:term":[{"taxonomy":"product_brand","embeddable":true,"href":"https:\/\/phukienphattai.com\/index.php?rest_route=%2Fwp%2Fv2%2Fproduct_brand&post=4635"},{"taxonomy":"product_cat","embeddable":true,"href":"https:\/\/phukienphattai.com\/index.php?rest_route=%2Fwp%2Fv2%2Fproduct_cat&post=4635"},{"taxonomy":"product_tag","embeddable":true,"href":"https:\/\/phukienphattai.com\/index.php?rest_route=%2Fwp%2Fv2%2Fproduct_tag&post=4635"}],"curies":[{"name":"wp","href":"https:\/\/api.w.org\/{rel}","templated":true}]}}